[INFO] cloning repository https://github.com/SCJangra/files-config-gen
[INFO] running `Command { std: "git" "-c" "credential.helper=" "-c" "credential.helper=/workspace/cargo-home/bin/git-credential-null" "clone" "--bare" "https://github.com/SCJangra/files-config-gen" "/workspace/cache/git-repos/https%3A%2F%2Fgithub.com%2FSCJangra%2Ffiles-config-gen", kill_on_drop: false }`
[INFO] [stderr] Cloning into bare repository '/workspace/cache/git-repos/https%3A%2F%2Fgithub.com%2FSCJangra%2Ffiles-config-gen'...
[INFO] running `Command { std: "git" "rev-parse" "HEAD", kill_on_drop: false }`
[INFO] [stdout] e07b4eb83e51dd6fc7831d04cf4fa63d8099ff7c
[INFO] checking SCJangra/files-config-gen against master#9610dfe5a9a731ced1ea4923ecbd0c57fe367898 for beta-170-4
[INFO] running `Command { std: "git" "clone" "/workspace/cache/git-repos/https%3A%2F%2Fgithub.com%2FSCJangra%2Ffiles-config-gen" "/workspace/builds/worker-5-tc1/source", kill_on_drop: false }`
[INFO] [stderr] Cloning into '/workspace/builds/worker-5-tc1/source'...
[INFO] [stderr] done.
[INFO] validating manifest of git repo https://github.com/SCJangra/files-config-gen on toolchain 9610dfe5a9a731ced1ea4923ecbd0c57fe367898
[INFO] running `Command { std: CARGO_HOME="/workspace/cargo-home" RUSTUP_HOME="/workspace/rustup-home" "/workspace/cargo-home/bin/cargo" "+9610dfe5a9a731ced1ea4923ecbd0c57fe367898" "metadata" "--manifest-path" "Cargo.toml" "--no-deps", kill_on_drop: false }`
[INFO] started tweaking git repo https://github.com/SCJangra/files-config-gen
[INFO] finished tweaking git repo https://github.com/SCJangra/files-config-gen
[INFO] tweaked toml for git repo https://github.com/SCJangra/files-config-gen written to /workspace/builds/worker-5-tc1/source/Cargo.toml
[INFO] crate git repo https://github.com/SCJangra/files-config-gen already has a lockfile, it will not be regenerated
[INFO] running `Command { std: CARGO_HOME="/workspace/cargo-home" RUSTUP_HOME="/workspace/rustup-home" "/workspace/cargo-home/bin/cargo" "+9610dfe5a9a731ced1ea4923ecbd0c57fe367898" "fetch" "--manifest-path" "Cargo.toml", kill_on_drop: false }`
[INFO] [stderr]  Downloading crates ...
[INFO] [stderr]   Downloaded open v2.1.2
[INFO] running `Command { std: "docker" "create" "-v" "/var/lib/crater-agent-workspace/builds/worker-5-tc1/target:/opt/rustwide/target:rw,Z" "-v" "/var/lib/crater-agent-workspace/builds/worker-5-tc1/source:/opt/rustwide/workdir:ro,Z" "-v" "/var/lib/crater-agent-workspace/cargo-home:/opt/rustwide/cargo-home:ro,Z" "-v" "/var/lib/crater-agent-workspace/rustup-home:/opt/rustwide/rustup-home:ro,Z" "-e" "SOURCE_DIR=/opt/rustwide/workdir" "-e" "CARGO_TARGET_DIR=/opt/rustwide/target" "-e" "CARGO_HOME=/opt/rustwide/cargo-home" "-e" "RUSTUP_HOME=/opt/rustwide/rustup-home" "-w" "/opt/rustwide/workdir" "-m" "1610612736" "--user" "0:0" "--network" "none" "ghcr.io/rust-lang/crates-build-env/linux@sha256:5ff2268d62e97bff2cde7d5815dd6ed5b47097566f13b8d0ca110b04b60e07ed" "/opt/rustwide/cargo-home/bin/cargo" "+9610dfe5a9a731ced1ea4923ecbd0c57fe367898" "metadata" "--no-deps" "--format-version=1", kill_on_drop: false }`
[INFO] [stdout] bd99c902aa4768e4a18957b2a0972efc556d15b43d4eb56286b29ff43d2cc4d7
[INFO] running `Command { std: "docker" "start" "-a" "bd99c902aa4768e4a18957b2a0972efc556d15b43d4eb56286b29ff43d2cc4d7", kill_on_drop: false }`
[INFO] running `Command { std: "docker" "inspect" "bd99c902aa4768e4a18957b2a0972efc556d15b43d4eb56286b29ff43d2cc4d7", kill_on_drop: false }`
[INFO] running `Command { std: "docker" "rm" "-f" "bd99c902aa4768e4a18957b2a0972efc556d15b43d4eb56286b29ff43d2cc4d7", kill_on_drop: false }`
[INFO] [stdout] bd99c902aa4768e4a18957b2a0972efc556d15b43d4eb56286b29ff43d2cc4d7
[INFO] running `Command { std: "docker" "create" "-v" "/var/lib/crater-agent-workspace/builds/worker-5-tc1/target:/opt/rustwide/target:rw,Z" "-v" "/var/lib/crater-agent-workspace/builds/worker-5-tc1/source:/opt/rustwide/workdir:ro,Z" "-v" "/var/lib/crater-agent-workspace/cargo-home:/opt/rustwide/cargo-home:ro,Z" "-v" "/var/lib/crater-agent-workspace/rustup-home:/opt/rustwide/rustup-home:ro,Z" "-e" "SOURCE_DIR=/opt/rustwide/workdir" "-e" "CARGO_TARGET_DIR=/opt/rustwide/target" "-e" "CARGO_INCREMENTAL=0" "-e" "RUST_BACKTRACE=full" "-e" "RUSTFLAGS=--cap-lints=forbid" "-e" "RUSTDOCFLAGS=--cap-lints=forbid" "-e" "CARGO_HOME=/opt/rustwide/cargo-home" "-e" "RUSTUP_HOME=/opt/rustwide/rustup-home" "-w" "/opt/rustwide/workdir" "-m" "1610612736" "--user" "0:0" "--network" "none" "ghcr.io/rust-lang/crates-build-env/linux@sha256:5ff2268d62e97bff2cde7d5815dd6ed5b47097566f13b8d0ca110b04b60e07ed" "/opt/rustwide/cargo-home/bin/cargo" "+9610dfe5a9a731ced1ea4923ecbd0c57fe367898" "check" "--frozen" "--all" "--all-targets" "--message-format=json", kill_on_drop: false }`
[INFO] [stdout] 0981bee9e4dc500e98d90ed788606ace03ac13f684cae1d9d9edc5b90e1d017e
[INFO] running `Command { std: "docker" "start" "-a" "0981bee9e4dc500e98d90ed788606ace03ac13f684cae1d9d9edc5b90e1d017e", kill_on_drop: false }`
[INFO] [stderr]    Compiling proc-macro2 v1.0.39
[INFO] [stderr]    Compiling unicode-ident v1.0.0
[INFO] [stderr]    Compiling syn v1.0.95
[INFO] [stderr]    Compiling anyhow v1.0.57
[INFO] [stderr]     Checking os_str_bytes v6.1.0
[INFO] [stderr]     Checking strsim v0.10.0
[INFO] [stderr]     Checking atty v0.2.14
[INFO] [stderr]     Checking clap_lex v0.2.0
[INFO] [stderr]    Compiling quote v1.0.18
[INFO] [stderr]    Compiling proc-macro-error-attr v1.0.4
[INFO] [stderr]    Compiling proc-macro-error v1.0.4
[INFO] [stderr]    Compiling clap_derive v3.1.18
[INFO] [stderr]     Checking clap v3.1.18
[INFO] [stderr]     Checking files-config-gen v0.1.0 (/opt/rustwide/workdir)
[INFO] [stdout] error[E0463]: can't find crate for `rocket`
[INFO] [stdout]  --> src/main.rs:2:1
[INFO] [stdout]   |
[INFO] [stdout] 2 | extern crate rocket;
[INFO] [stdout]   | ^^^^^^^^^^^^^^^^^^^^ can't find crate
[INFO] [stdout] 
[INFO] [stdout] 
[INFO] [stdout] error[E0463]: can't find crate for `rocket`
[INFO] [stdout]  --> src/main.rs:2:1
[INFO] [stdout]   |
[INFO] [stdout] 2 | extern crate rocket;
[INFO] [stdout]   | ^^^^^^^^^^^^^^^^^^^^ can't find crate
[INFO] [stdout] 
[INFO] [stdout] 
[INFO] [stdout] warning: unreachable statement
[INFO] [stdout]   --> src/main.rs:19:5
[INFO] [stdout]    |
[INFO] [stdout] 14 |       let config = match args.file_source {
[INFO] [stdout]    |  __________________-
[INFO] [stdout] 15 | |         #[cfg(feature = "google_drive")]
[INFO] [stdout] 16 | |         FileSource::GoogleDrive => gen::google_drive()?,
[INFO] [stdout] 17 | |     };
[INFO] [stdout]    | |_____- any code following this expression is unreachable
[INFO] [stdout] 18 |
[INFO] [stdout] 19 |       println!("{}", config);
[INFO] [stdout]    |       ^^^^^^^^^^^^^^^^^^^^^^ unreachable statement
[INFO] [stdout]    |
[INFO] [stdout]    = note: `#[warn(unreachable_code)]` on by default
[INFO] [stdout]    = note: this warning originates in the macro `println` (in Nightly builds, run with -Z macro-backtrace for more info)
[INFO] [stdout] 
[INFO] [stdout] 
[INFO] [stdout] warning: unreachable statement
[INFO] [stdout]   --> src/main.rs:19:5
[INFO] [stdout]    |
[INFO] [stdout] 14 |       let config = match args.file_source {
[INFO] [stdout]    |  __________________-
[INFO] [stdout] 15 | |         #[cfg(feature = "google_drive")]
[INFO] [stdout] 16 | |         FileSource::GoogleDrive => gen::google_drive()?,
[INFO] [stdout] 17 | |     };
[INFO] [stdout]    | |_____- any code following this expression is unreachable
[INFO] [stdout] 18 |
[INFO] [stdout] 19 |       println!("{}", config);
[INFO] [stdout]    |       ^^^^^^^^^^^^^^^^^^^^^^ unreachable statement
[INFO] [stdout]    |
[INFO] [stdout]    = note: `#[warn(unreachable_code)]` on by default
[INFO] [stdout]    = note: this warning originates in the macro `println` (in Nightly builds, run with -Z macro-backtrace for more info)
[INFO] [stdout] 
[INFO] [stdout] 
[INFO] [stdout] error[E0277]: `()` doesn't implement `std::fmt::Display`
[INFO] [stdout]   --> src/main.rs:19:20
[INFO] [stdout]    |
[INFO] [stdout] 19 |     println!("{}", config);
[INFO] [stdout]    |                    ^^^^^^ `()` cannot be formatted with the default formatter
[INFO] [stdout]    |
[INFO] [stdout]    = help: the trait `std::fmt::Display` is not implemented for `()`
[INFO] [stdout]    = note: in format strings you may be able to use `{:?}` (or {:#?} for pretty-print) instead
[INFO] [stdout]    = note: this error originates in the macro `$crate::format_args_nl` which comes from the expansion of the macro `println` (in Nightly builds, run with -Z macro-backtrace for more info)
[INFO] [stdout] 
[INFO] [stdout] 
[INFO] [stdout] error[E0277]: `()` doesn't implement `std::fmt::Display`
[INFO] [stdout]   --> src/main.rs:19:20
[INFO] [stdout]    |
[INFO] [stdout] 19 |     println!("{}", config);
[INFO] [stdout]    |                    ^^^^^^ `()` cannot be formatted with the default formatter
[INFO] [stdout]    |
[INFO] [stdout]    = help: the trait `std::fmt::Display` is not implemented for `()`
[INFO] [stdout]    = note: in format strings you may be able to use `{:?}` (or {:#?} for pretty-print) instead
[INFO] [stdout]    = note: this error originates in the macro `$crate::format_args_nl` which comes from the expansion of the macro `println` (in Nightly builds, run with -Z macro-backtrace for more info)
[INFO] [stdout] 
[INFO] [stdout] 
[INFO] [stdout] error: aborting due to 2 previous errors; 1 warning emitted
[INFO] [stdout] 
[INFO] [stdout] 
[INFO] [stdout] Some errors have detailed explanations: E0277, E0463.
[INFO] [stdout] 
[INFO] [stdout] For more information about an error, try `rustc --explain E0277`.
[INFO] [stdout] 
[INFO] [stdout] error: aborting due to 2 previous errors; 1 warning emitted
[INFO] [stdout] 
[INFO] [stdout] 
[INFO] [stdout] Some errors have detailed explanations: E0277, E0463.
[INFO] [stdout] 
[INFO] [stdout] For more information about an error, try `rustc --explain E0277`.
[INFO] [stdout] 
[INFO] [stderr] error: could not compile `files-config-gen` (bin "files-config-gen") due to 3 previous errors; 1 warning emitted
[INFO] [stderr] warning: build failed, waiting for other jobs to finish...
[INFO] [stderr] error: could not compile `files-config-gen` (bin "files-config-gen" test) due to 3 previous errors; 1 warning emitted
[INFO] running `Command { std: "docker" "inspect" "0981bee9e4dc500e98d90ed788606ace03ac13f684cae1d9d9edc5b90e1d017e", kill_on_drop: false }`
[INFO] running `Command { std: "docker" "rm" "-f" "0981bee9e4dc500e98d90ed788606ace03ac13f684cae1d9d9edc5b90e1d017e", kill_on_drop: false }`
[INFO] [stdout] 0981bee9e4dc500e98d90ed788606ace03ac13f684cae1d9d9edc5b90e1d017e
